 Calculate the remainder when (-10)/25 + (-97)/(-5) is divided by d.
5
Let l = 58 + -51. Calculate the remainder when 13 is divided by l.
6
Let r(o) = o**2 - 4*o + 19. Calculate the remainder when 158 is divided by r(7).
38
Let w(g) = 7*g**2 - 4*g + 9. Let p(t) = -4*t**2 + 2*t - 4. Let h(j) = 5*p(j) + 3*w(j). What is the remainder when h(-6) is divided by 19?
17
Let o(l) be the first derivative of -l**3/3 + 4*l**2 - 2*l + 1. Let d be o(8). Calculate the remainder when 0/d + 6 + 1 is divided by 4.
3
Suppose 10*o - 16 = 8*o. What is the remainder when 15 is divided by o?
7
Let q(b) = b**2 - b + 11. What is the remainder when (-238)/(-6) + 1*8/6 is divided by q(0)?
8
Suppose 0 = -l + 9 + 25. What is the remainder when l is divided by 13?
8
Suppose 1 = n - 2. What is the remainder when -8*(-7)/6*6 is divided by (-1)/n + (-116)/(-6)?
18
Let a(k) = -5*k + 1. What is the remainder when 41 is divided by a(-4)?
20
Let i be (-6)/(-15) - 26/(-10). Suppose 2*k = i + 1. Calculate the remainder when 2 is divided by k.
0
Let x = 7 - -2. Suppose n - 3*n - 4 = -2*i, -2*n - 16 = 4*i. What is the remainder when i/7 - 570/(-35) is divided by x?
7
Suppose 5*j + 15 = 7*a - 2*a, 25 = 5*j. What is the remainder when 13 is divided by a?
5
What is the remainder when (174/4)/((-12)/(-8)) is divided by 10?
9
Let i(x) = -x**2 + 10*x - 1. Let l(g) = -6*g - 5. Let j(t) = -1. Let r(s) = -5*j(s) + l(s). What is the remainder when i(4) is divided by r(-2)?
11
Suppose 2*b - 4*v - 40 = 0, -4*b + 47 = -2*v + 5*v. Suppose b = 5*n - 86. Calculate the remainder when n is divided by 11.
9
Let w be (4/(-16))/((-1)/12). Suppose -w*n + 76 = n. What is the remainder when n is divided by 7?
5
Let p(m) = 48*m**2 + m. Let u(w) = w**2 - 2*w - 18. What is the remainder when p(1) is divided by u(-5)?
15
Suppose -5*g + 0 = 5*o - 360, 3*o + 139 = 2*g. Calculate the remainder when g is divided by -1 + 0 - (-26 + 1).
23
Let x(j) = j**2 - 4*j + 2. Let t be x(5). Suppose 8 = -5*i - 5*m - t, -9 = -2*i + m. Let w = i + 2. What is the remainder when w is divided by 3?
1
Let n(w) = -w**3 + 3*w**2 + 6*w - 3. Let y = -6 + 8. What is the remainder when n(4) is divided by y?
1
Let c(l) = l**2 + 5*l + 1. Let y be c(-5). Let s be (1 + 2 - -1)*y. Let t(r) = r. What is the remainder when t(s) is divided by 3?
1
Let n = 0 + 2. Calculate the remainder when 63 is divided by -32*n*(-1)/4.
15
Suppose s + 2*s + 5*l = 70, 4*s - 5*l - 70 = 0. What is the remainder when 58 is divided by s?
18
Let s(v) = 0*v**2 + 4*v**3 + 3*v + 5 - 2 + 2*v**2. Let c be s(-2). Let i = 52 + c. Calculate the remainder when i is divided by 9.
7
Suppose -5*w = -0*w - 200. Let u(c) = 3*c**3 - 3*c**2 + 3*c + 4. Calculate the remainder when w is divided by u(2).
18
Suppose 9*n - 15 = 8*n. What is the remainder when 57 is divided by n?
12
Let m be (48/9)/((-2)/(-3)). Let a = m + 3. Calculate the remainder when a is divided by 4.
3
Let b(t) = t**3 + 3*t**2 - 6*t - 6. Let j be b(-4). Let r be (-24)/(1/(j/3)). Calculate the remainder when 8/(r/(-6) - 2) is divided by 7.
5
Let n(x) = x**3 - x**2 - 1. What is the remainder when 98 is divided by n(3)?
13
Suppose 25 = 2*h + 5*n, -5*h - 5 = 5*n - 60. What is the remainder when 159 is divided by h?
9
Suppose -6 = 5*u - 211. What is the remainder when 203 is divided by u?
39
Let t = -13 + 9. Let i(z) = -z**3 - z**2 + 6*z + 9. What is the remainder when 63 is divided by i(t)?
30
Let j(z) = z**3 - 8*z**2 + 7*z - 1. Calculate the remainder when j(8) is divided by 21.
13
Let u = -8 - -15. Let z(p) = p**3 - 6*p**2 - 6*p + 5. What is the remainder when ((-23)/(-2))/(2/4) is divided by z(u)?
11
Suppose 3*b = 5*n - 38, n - 6*b - 8 = -5*b. Suppose -25 = -3*t - n. Calculate the remainder when 10 is divided by t.
4
Let m = 0 + 5. Suppose 22 = m*i + 2. Calculate the remainder when i is divided by 2.
0
Let d = -23 - -26. Let p = 15 - 10. Suppose -d*v + 6 = g - 4, -4*g = -p*v - 74. What is the remainder when 46 is divided by g?
14
Let a(k) = 3*k - 1 - 1 + 5. Let g(w) = 1. Let i(b) = a(b) + 3*g(b). Calculate the remainder when i(7) is divided by 10.
7
Suppose -7*s + 130 = 25. What is the remainder when 37 is divided by s?
7
Let p = 7 + 4. Calculate the remainder when 64 is divided by p.
9
Suppose -6*d + 278 = -154. Calculate the remainder when d is divided by 19.
15
Let u = -6 + 15. Calculate the remainder when (3/18*-26)/((-1)/6) is divided by u.
8
Let r be (16 - 2)*15/6. Suppose g = 6*g - r. What is the remainder when 18 is divided by g?
4
Suppose 3*b + 4*g = -48, -3*b - g = 2*b + 80. Let p = -13 - b. Calculate the remainder when 6 is divided by p.
0
Suppose 2*q - 16 = -0. Calculate the remainder when 29 is divided by q.
5
Suppose -f + 3*f - 30 = 0. Let a(w) = w**3 + 58. Calculate the remainder when a(0) is divided by f.
13
What is the remainder when -5*(162/(-15))/3 is divided by 10?
8
Suppose -t + 1075 = 4*t. Suppose 6*g - g - t = 0. What is the remainder when g is divided by 11?
10
Suppose 9 = -h + 41. Suppose 0 = -4*d + 59 - 15. What is the remainder when h is divided by d?
10
Let f(k) = -k**2 - 7*k - 7. Let w = 4 - -6. Calculate the remainder when w is divided by f(-5).
1
Let a(k) = k + 98. Let o(x) = 5*x + 10. Calculate the remainder when a(0) is divided by o(3).
23
Let d(w) = -9*w - 6. Calculate the remainder when d(-9) is divided by 19.
18
Suppose 0 = 4*f - 3*f - 3. Suppose -39 = -f*c - 2*a, -4*c + 4*a + 21 + 11 = 0. What is the remainder when c is divided by 7?
4
Let o = 47 - 33. What is the remainder when 40 is divided by o?
12
Let y = 60 + -40. Suppose 15 = 5*i, 0*i = 2*c - 4*i + y. Calculate the remainder when 43 is divided by c/(-22) - (-163)/11.
13
Let a = 25 - 0. Suppose 0*b + 231 = 5*b - 2*s, 5*b = -s + 237. Calculate the remainder when b is divided by a.
22
What is the remainder when 117 is divided by (4/(-5))/((-28)/1050)?
27
Let b(y) = 5*y**3 - 3*y**2 - y + 2. What is the remainder when 16 is divided by b(1)?
1
Let u(a) = 10*a**2 - 5*a**3 + 6*a + 2*a + 2 + 6*a**3. What is the remainder when u(-9) is divided by 4?
3
Let t(m) = 9*m**2 - 1. Let a be 5 + 0/(0 - 1). Let y = a + -4. What is the remainder when t(y) is divided by 5?
3
Let x(c) = 7*c - 3. Let z(r) = -8*r + 4. Let j(p) = 5*x(p) + 4*z(p). Let b(o) = o**2 - 8*o - 6. Let q be b(9). What is the remainder when 19 is divided by j(q)?
9
Let c(h) = 4*h**3 - 3*h**2 + 6*h - 3. Calculate the remainder when 143 is divided by c(2).
27
Suppose 4*y + o = 109, 0*o = -4*o + 4. Suppose 16 = 3*u + 4*p, p + y = u - 2*p. Calculate the remainder when 20 is divided by u.
8
Suppose -t - b + 2*b + 36 = 0, -3*t - 4*b + 73 = 0. Suppose -5*i + 3*i + 16 = 0. Calculate the remainder when t is divided by i.
7
Suppose -3 = 2*a - 83. Let m(y) = -y**3 + 7*y**2 + 2*y - 4. Let j be m(7). Suppose 2*b - 38 + j = 0. Calculate the remainder when a is divided by b.
12
Suppose -72 = -3*v + 21. Calculate the remainder when 122 is divided by v.
29
Let n(f) = -60*f**2 - 2*f - 1. Let d be n(-1). Let g = d - -131. Let j = -37 + g. Calculate the remainder when j is divided by 12.
11
Suppose -n + 74 = x, -5*n - 25 = -0*n. Calculate the remainder when x is divided by 20.
19
Let k(j) be the first derivative of -j**3/3 + j**2/2 + 3*j - 4. Let l(n) be the first derivative of k(n). What is the remainder when 49 is divided by l(-8)?
15
Let u be (-5)/(-10) - (-5)/2. Suppose 5*w - 4 = -2*a, -4*w + 28 = u*a - 2*w. Calculate the remainder when 45 is divided by a.
9
Let t(d) = -d + 2. Suppose -2*v - 6 = -v. Let s be t(v). Suppose c - 4 = s. Calculate the remainder when 35 is divided by c.
11
Let n be (1 + 1)*(-3)/(-6). Suppose 0 = f - 2*l, 12 = f + 3*l - l. Calculate the remainder when 29 is divided by (f/n)/((-2)/(-5)).
14
Let z(p) = p**2 + 2*p - 1. What is the remainder when z(-4) is divided by 3?
1
Let i(z) = 3 + 5 - z + 2 - 5. Let q(b) = -8*b + 3. What is the remainder when q(-3) is divided by i(-5)?
7
Suppose 14 + 6 = 4*y. Suppose -d + y = -21. What is the remainder when d is divided by 7?
5
Suppose 0 = -11*k + 10*k + 33. Calculate the remainder when k is divided by 7.
5
Suppose -4*l - l = -20. Suppose -o + 49 = -2*v, -67 = -l*o + 3*v + 109. Let q = o - 17. Calculate the remainder when q is divided by 13.
11
Let a = 6 - 2. Let y = 5 - 1. Suppose 0 = -2*h + y*l + 34, 35 = -0*h + h + a*l. What 